[INFO] cloning repository https://github.com/aikow/linelength
[INFO] running `Command { std: "git" "-c" "credential.helper=" "-c" "credential.helper=/workspace/cargo-home/bin/git-credential-null" "clone" "--bare" "https://github.com/aikow/linelength" "/workspace/cache/git-repos/https%3A%2F%2Fgithub.com%2Faikow%2Flinelength", kill_on_drop: false }`
[INFO] [stderr] Cloning into bare repository '/workspace/cache/git-repos/https%3A%2F%2Fgithub.com%2Faikow%2Flinelength'...
[INFO] running `Command { std: "git" "rev-parse" "HEAD", kill_on_drop: false }`
[INFO] [stdout] 85f8da364cf1f9ec0b17087a76c3053058bb7a6d
[INFO] checking aikow/linelength against master#9610dfe5a9a731ced1ea4923ecbd0c57fe367898 for beta-170-4
[INFO] running `Command { std: "git" "clone" "/workspace/cache/git-repos/https%3A%2F%2Fgithub.com%2Faikow%2Flinelength" "/workspace/builds/worker-3-tc1/source", kill_on_drop: false }`
[INFO] [stderr] Cloning into '/workspace/builds/worker-3-tc1/source'...
[INFO] [stderr] done.
[INFO] validating manifest of git repo https://github.com/aikow/linelength on toolchain 9610dfe5a9a731ced1ea4923ecbd0c57fe367898
[INFO] running `Command { std: CARGO_HOME="/workspace/cargo-home" RUSTUP_HOME="/workspace/rustup-home" "/workspace/cargo-home/bin/cargo" "+9610dfe5a9a731ced1ea4923ecbd0c57fe367898" "metadata" "--manifest-path" "Cargo.toml" "--no-deps", kill_on_drop: false }`
[INFO] started tweaking git repo https://github.com/aikow/linelength
[INFO] finished tweaking git repo https://github.com/aikow/linelength
[INFO] tweaked toml for git repo https://github.com/aikow/linelength written to /workspace/builds/worker-3-tc1/source/Cargo.toml
[INFO] crate git repo https://github.com/aikow/linelength already has a lockfile, it will not be regenerated
[INFO] running `Command { std: CARGO_HOME="/workspace/cargo-home" RUSTUP_HOME="/workspace/rustup-home" "/workspace/cargo-home/bin/cargo" "+9610dfe5a9a731ced1ea4923ecbd0c57fe367898" "fetch" "--manifest-path" "Cargo.toml", kill_on_drop: false }`
[INFO] [stderr]  Downloading crates ...
[INFO] [stderr]   Downloaded clap v3.1.17
[INFO] running `Command { std: "docker" "create" "-v" "/var/lib/crater-agent-workspace/builds/worker-3-tc1/target:/opt/rustwide/target:rw,Z" "-v" "/var/lib/crater-agent-workspace/builds/worker-3-tc1/source:/opt/rustwide/workdir:ro,Z" "-v" "/var/lib/crater-agent-workspace/cargo-home:/opt/rustwide/cargo-home:ro,Z" "-v" "/var/lib/crater-agent-workspace/rustup-home:/opt/rustwide/rustup-home:ro,Z" "-e" "SOURCE_DIR=/opt/rustwide/workdir" "-e" "CARGO_TARGET_DIR=/opt/rustwide/target" "-e" "CARGO_HOME=/opt/rustwide/cargo-home" "-e" "RUSTUP_HOME=/opt/rustwide/rustup-home" "-w" "/opt/rustwide/workdir" "-m" "1610612736" "--user" "0:0" "--network" "none" "ghcr.io/rust-lang/crates-build-env/linux@sha256:19e73879b68f455e41552ea35293514db52ea292d993f571636dbffedb77a1ee" "/opt/rustwide/cargo-home/bin/cargo" "+9610dfe5a9a731ced1ea4923ecbd0c57fe367898" "metadata" "--no-deps" "--format-version=1", kill_on_drop: false }`
[INFO] [stdout] 49a29dbc3dffb68713ba1b060fe26b8aa4964080ed8b8f1cef5c2c79b08d33c4
[INFO] running `Command { std: "docker" "start" "-a" "49a29dbc3dffb68713ba1b060fe26b8aa4964080ed8b8f1cef5c2c79b08d33c4", kill_on_drop: false }`
[INFO] running `Command { std: "docker" "inspect" "49a29dbc3dffb68713ba1b060fe26b8aa4964080ed8b8f1cef5c2c79b08d33c4", kill_on_drop: false }`
[INFO] running `Command { std: "docker" "rm" "-f" "49a29dbc3dffb68713ba1b060fe26b8aa4964080ed8b8f1cef5c2c79b08d33c4", kill_on_drop: false }`
[INFO] [stdout] 49a29dbc3dffb68713ba1b060fe26b8aa4964080ed8b8f1cef5c2c79b08d33c4
[INFO] running `Command { std: "docker" "create" "-v" "/var/lib/crater-agent-workspace/builds/worker-3-tc1/target:/opt/rustwide/target:rw,Z" "-v" "/var/lib/crater-agent-workspace/builds/worker-3-tc1/source:/opt/rustwide/workdir:ro,Z" "-v" "/var/lib/crater-agent-workspace/cargo-home:/opt/rustwide/cargo-home:ro,Z" "-v" "/var/lib/crater-agent-workspace/rustup-home:/opt/rustwide/rustup-home:ro,Z" "-e" "SOURCE_DIR=/opt/rustwide/workdir" "-e" "CARGO_TARGET_DIR=/opt/rustwide/target" "-e" "CARGO_INCREMENTAL=0" "-e" "RUST_BACKTRACE=full" "-e" "RUSTFLAGS=--cap-lints=forbid" "-e" "RUSTDOCFLAGS=--cap-lints=forbid" "-e" "CARGO_HOME=/opt/rustwide/cargo-home" "-e" "RUSTUP_HOME=/opt/rustwide/rustup-home" "-w" "/opt/rustwide/workdir" "-m" "1610612736" "--user" "0:0" "--network" "none" "ghcr.io/rust-lang/crates-build-env/linux@sha256:19e73879b68f455e41552ea35293514db52ea292d993f571636dbffedb77a1ee" "/opt/rustwide/cargo-home/bin/cargo" "+9610dfe5a9a731ced1ea4923ecbd0c57fe367898" "check" "--frozen" "--all" "--all-targets" "--message-format=json", kill_on_drop: false }`
[INFO] [stdout] 202e433917d8d3d7feeba8e0cba80473f497476f958bdf770ffcaa7103b80c56
[INFO] running `Command { std: "docker" "start" "-a" "202e433917d8d3d7feeba8e0cba80473f497476f958bdf770ffcaa7103b80c56", kill_on_drop: false }`
[INFO] [stderr]    Compiling proc-macro2 v1.0.38
[INFO] [stderr]    Compiling syn v1.0.93
[INFO] [stderr]    Compiling libc v0.2.125
[INFO] [stderr]     Checking os_str_bytes v6.0.0
[INFO] [stderr]     Checking textwrap v0.15.0
[INFO] [stderr]     Checking strsim v0.10.0
[INFO] [stderr]    Compiling indexmap v1.8.1
[INFO] [stderr]     Checking clap_lex v0.2.0
[INFO] [stderr]    Compiling quote v1.0.18
[INFO] [stderr]     Checking atty v0.2.14
[INFO] [stderr]    Compiling proc-macro-error-attr v1.0.4
[INFO] [stderr]    Compiling proc-macro-error v1.0.4
[INFO] [stderr]    Compiling clap_derive v3.1.7
[INFO] [stderr]     Checking clap v3.1.17
[INFO] [stderr]     Checking linelength v0.1.0 (/opt/rustwide/workdir)
[INFO] [stdout] warning: the feature `int_log` has been stable since 1.67.0 and no longer requires an attribute to enable
[INFO] [stdout]  --> src/main.rs:1:12
[INFO] [stdout]   |
[INFO] [stdout] 1 | #![feature(int_log)]
[INFO] [stdout]   |            ^^^^^^^
[INFO] [stdout]   |
[INFO] [stdout]   = note: `#[warn(stable_features)]` on by default
[INFO] [stdout] 
[INFO] [stdout] 
[INFO] [stdout] warning: the feature `int_log` has been stable since 1.67.0 and no longer requires an attribute to enable
[INFO] [stdout]  --> src/main.rs:1:12
[INFO] [stdout]   |
[INFO] [stdout] 1 | #![feature(int_log)]
[INFO] [stdout]   |            ^^^^^^^
[INFO] [stdout]   |
[INFO] [stdout]   = note: `#[warn(stable_features)]` on by default
[INFO] [stdout] 
[INFO] [stdout] 
[INFO] [stdout] error[E0599]: no method named `log10` found for type `usize` in the current scope
[INFO] [stdout]   --> src/main.rs:64:10
[INFO] [stdout]    |
[INFO] [stdout] 61 |       let length_padding = succeeded
[INFO] [stdout]    |  __________________________-
[INFO] [stdout] 62 | |         .iter()
[INFO] [stdout] 63 | |         .fold(0, |len, ll| std::cmp::max(len, ll.length))
[INFO] [stdout] 64 | |         .log10();
[INFO] [stdout]    | |         -^^^^^ help: there is a method with a similar name: `ilog10`
[INFO] [stdout]    | |_________|
[INFO] [stdout]    | 
[INFO] [stdout] 
[INFO] [stdout] 
[INFO] [stdout] error[E0599]: no method named `log10` found for type `usize` in the current scope
[INFO] [stdout]   --> src/main.rs:64:10
[INFO] [stdout]    |
[INFO] [stdout] 61 |       let length_padding = succeeded
[INFO] [stdout]    |  __________________________-
[INFO] [stdout] 62 | |         .iter()
[INFO] [stdout] 63 | |         .fold(0, |len, ll| std::cmp::max(len, ll.length))
[INFO] [stdout] 64 | |         .log10();
[INFO] [stdout]    | |         -^^^^^ help: there is a method with a similar name: `ilog10`
[INFO] [stdout]    | |_________|
[INFO] [stdout]    | 
[INFO] [stdout] 
[INFO] [stdout] 
[INFO] [stdout] error[E0599]: no method named `log10` found for type `usize` in the current scope
[INFO] [stdout]   --> src/main.rs:70:10
[INFO] [stdout]    |
[INFO] [stdout] 67 |       let index_padding = succeeded
[INFO] [stdout]    |  _________________________-
[INFO] [stdout] 68 | |         .iter()
[INFO] [stdout] 69 | |         .fold(0, |len, ll| std::cmp::max(len, ll.index))
[INFO] [stdout] 70 | |         .log10();
[INFO] [stdout]    | |         -^^^^^ help: there is a method with a similar name: `ilog10`
[INFO] [stdout]    | |_________|
[INFO] [stdout]    | 
[INFO] [stdout] 
[INFO] [stdout] 
[INFO] [stdout] error[E0599]: no method named `log10` found for type `usize` in the current scope
[INFO] [stdout]   --> src/main.rs:70:10
[INFO] [stdout]    |
[INFO] [stdout] 67 |       let index_padding = succeeded
[INFO] [stdout]    |  _________________________-
[INFO] [stdout] 68 | |         .iter()
[INFO] [stdout] 69 | |         .fold(0, |len, ll| std::cmp::max(len, ll.index))
[INFO] [stdout] 70 | |         .log10();
[INFO] [stdout]    | |         -^^^^^ help: there is a method with a similar name: `ilog10`
[INFO] [stdout]    | |_________|
[INFO] [stdout]    | 
[INFO] [stdout] 
[INFO] [stdout] 
[INFO] [stdout] error: aborting due to 2 previous errors; 1 warning emitted
[INFO] [stdout] 
[INFO] [stdout] 
[INFO] [stdout] For more information about this error, try `rustc --explain E0599`.
[INFO] [stdout] 
[INFO] [stdout] error: aborting due to 2 previous errors; 1 warning emitted
[INFO] [stdout] 
[INFO] [stdout] 
[INFO] [stdout] For more information about this error, try `rustc --explain E0599`.
[INFO] [stdout] 
[INFO] [stderr] error: could not compile `linelength` (bin "linelength") due to 3 previous errors; 1 warning emitted
[INFO] [stderr] warning: build failed, waiting for other jobs to finish...
[INFO] [stderr] error: could not compile `linelength` (bin "linelength" test) due to 3 previous errors; 1 warning emitted
[INFO] running `Command { std: "docker" "inspect" "202e433917d8d3d7feeba8e0cba80473f497476f958bdf770ffcaa7103b80c56", kill_on_drop: false }`
[INFO] running `Command { std: "docker" "rm" "-f" "202e433917d8d3d7feeba8e0cba80473f497476f958bdf770ffcaa7103b80c56", kill_on_drop: false }`
[INFO] [stdout] 202e433917d8d3d7feeba8e0cba80473f497476f958bdf770ffcaa7103b80c56
